(-6) + 86/6. Calculate the highest common divisor of 117 and c.
13
Suppose -2*b = -0*b + 4. Let q be (-1)/((b/17)/2). Calculate the highest common divisor of q and 85.
17
Let k(u) = -u + 6. Let l be k(5). What is the greatest common factor of 7 and l?
1
Let r = -16 - 42. Let i = -33 - r. What is the highest common factor of 5 and i?
5
Let f(s) = 2*s**2 + 2*s - 2. Let g be f(-3). What is the greatest common factor of 2 and g?
2
Let v be (-4)/3*(-1056)/8. Calculate the highest common factor of v and 16.
16
Let v = 29 - 21. What is the highest common divisor of 40 and v?
8
Let x = -29 - -54. Calculate the greatest common divisor of 10 and x.
5
Suppose -5*p + 2*a + a = -47, -3*p + 29 = -2*a. Let c = 52 - p. What is the highest common divisor of c and 9?
9
Suppose 8*m = 3*m. Let q be (21 + -5)*(1 - m). Calculate the greatest common divisor of 176 and q.
16
Let x be 1842/(-4)*4/6. Let d = 431 + x. Calculate the greatest common divisor of 31 and d.
31
Suppose -5*x - 2*d + 7*d + 10 = 0, -2*x + 24 = 3*d. Calculate the greatest common divisor of x and 6.
6
Let v = -77 + 20. Let f = -27 - v. Let j(d) = 3*d**2 + 4*d + 2. Let k be j(-2). Calculate the highest common divisor of f and k.
6
Let q be 2 - (-1 + 9 - -1). Let z(n) = n**2 + n - 3. Let j be z(q). Let x(g) = 7*g**2 - 2*g + 2. Let c be x(2). Calculate the highest common divisor of c and j.
13
Suppose -5*y = i - 6*i + 200, 3*y = -15. Let z be (19/(114/180))/((-4)/(-14)). Calculate the greatest common factor of i and z.
35
Let h be ((-8)/10)/(4/(-30)). Suppose -7*a = -h*a - 21. What is the greatest common factor of 147 and a?
21
Suppose 4*c = c + 90. Let l be (6/(-2))/3 + 3. Let m = 8 + l. Calculate the highest common divisor of c and m.
10
Let b be 28 - (-6)/15*-5. What is the greatest common divisor of 26 and b?
26
Let a(l) = -l**2 + 10*l - 7. Let j be a(7). What is the highest common factor of 42 and j?
14
Let a = -41 + 63. Let f = -8 + a. Calculate the highest common factor of 2 and f.
2
Suppose 2*p - 2 - 16 = 0. Let z(q) = 28*q**3 - q + 1. Let c be z(1). Suppose -10 + c = j. What is the highest common factor of p and j?
9
Let j(h) = 20*h - 64. Let d be j(5). Suppose 4*t - 20 = 2*k, 5*k - 3*k + 25 = 5*t. Suppose -464 = -t*x - 14. What is the greatest common divisor of d and x?
18
Let y(v) be the first derivative of v**2 + v + 3. Let a be y(-2). Let t(m) = -4*m. Let f be t(a). What is the highest common divisor of f and 4?
4
Let z = 19 - 1. Let h = 3 + -5. Let b be (-4)/(-3) - h/3. What is the highest common divisor of b and z?
2
Let g = 1 + 15. Calculate the greatest common factor of g and 176.
16
Let b = 6 - 2. Let x = -4 + b. Let s(a) = a**2 + a + 14. Let u be s(x). Calculate the greatest common factor of 7 and u.
7
Let s(a) = a**2 - 6*a - 4. Let m be s(8). Let c be ((-4)/6)/(m/(-90)). What is the greatest common factor of c and 40?
5
Let y be (-8)/2*45/(-20). Calculate the highest common divisor of y and 144.
9
Let k be (28/(-12) + 3)*(17 - -1). Calculate the greatest common factor of k and 132.
12
Suppose 0 = 3*o + 5*o - 256. What is the highest common factor of o and 48?
16
Suppose -45 = 7*m - 2*m - 5*h, 3*m + 2*h = -32. Let r = 18 + m. Suppose 2*j - 10 = 0, 0*j - 53 = -4*z - j. What is the highest common factor of z and r?
4
Let s = 33 + -11. Calculate the highest common divisor of s and 55.
11
Suppose -j - 30 = -3*j. Let s = 1 + j. What is the highest common divisor of s and 48?
16
Let b = 267 - 247. Suppose 3*p - 2*f = -2*p + 258, 0 = -4*p - 3*f + 188. Calculate the highest common factor of p and b.
10
Let n(y) be the first derivative of -y**4/4 + 8*y**3/3 + 5*y**2/2 + 4*y + 2. Let a be n(7). Calculate the greatest common divisor of 11 and a.
11
Let a = -20 + 53. Let g be a - 3/(3/1). What is the highest common divisor of 80 and g?
16
Let t = 28 + -9. What is the greatest common factor of t and 209?
19
Suppose -26 = 3*k - 65. Let q be (-2650)/(-14) - 2/7. Suppose -5*t + 128 = -3*t - b, -3*t + 3*b = -q. Calculate the greatest common factor of t and k.
13
Suppose 0 = -3*z + 5*b + 16, 2*b - 32 = -6*z + 4*z. Calculate the greatest common factor of z and 156.
12
Let a = -35 + 189. What is the greatest common divisor of 14 and a?
14
Let u be ((-8)/(-16))/(2/(1*48)). Calculate the highest common divisor of 4 and u.
4
Let f(j) = 3*j + 1. Let q(u) = u - 3*u - 3*u + u. Let x be q(-1). Let n be f(x). Calculate the greatest common divisor of 104 and n.
13
Let j(i) = -11*i - 3. Let u be j(-1). Calculate the greatest common factor of 32 and u.
8
Let y = -12 + 15. Suppose 460 = y*w + 2*w. Calculate the highest common factor of w and 23.
23
Suppose -s = 5*t - 78, -2*s - 4*t + 6 + 132 = 0. What is the greatest common factor of 9 and s?
9
Let t be 11 + (-1 + 0)*3. Suppose -5*q + h - 5*h = -69, -q + 5*h = -t. What is the highest common factor of q and 104?
13
Let f = 11 - 6. Suppose -f*o + 54 + 156 = 0. What is the greatest common divisor of o and 14?
14
Suppose n + n = 232. Suppose q - r = 3*r + n, -2*r = 4*q - 410. Suppose 5*y + 4*t - 61 = 3*t, 36 = 4*y + 4*t. Calculate the highest common divisor of q and y.
13
Let g(x) = x - 3. Let p be g(6). Let c be p/6*31*2. Calculate the highest common divisor of 341 and c.
31
Suppose -7*m = -10*m - 6. Let p be (14/28)/(m/(-132)). Suppose 0 = -4*k + 11 + 1. Calculate the highest common factor of k and p.
3
Suppose 5*b = -4*n - 2 - 2, 20 = 5*n. Let v be (56/10)/(b/(-50)). Suppose v = 4*s - 26. Calculate the highest common factor of 8 and s.
8
Let t = -18 - -28. Suppose -w + 9 + 9 = 0. Suppose -2*s + w = 5*h - h, -4*h - 17 = -5*s. What is the highest common factor of h and t?
2
Let l(t) = -t**2 + t + 15. Let g be l(0). Let c = g - 9. Let p(z) = 2*z - 5. Let q be p(c). What is the greatest common factor of 21 and q?
7
Let g(j) = j**2 - j - 4. Let l be g(3). Let o(s) = -3*s**3 + 1 + 0*s**l - s**2 - 7*s**3. Let d be o(-1). Calculate the highest common divisor of d and 50.
10
Suppose -9 = -u + 45. Let h(i) = -25*i - 7. Let o be h(-1). What is the highest common factor of u and o?
18
Suppose 4*z + 20 = 2*j - 14, 37 = -4*z + 3*j. Let w = -4 - z. Let c = 48 + -27. What is the greatest common divisor of w and c?
3
Let h(g) be the first derivative of -2 - 1/3*g**3 - 1/2*g**2 + 1/4*g**4 + 0*g. Let u be h(3). Calculate the highest common factor of 135 and u.
15
Let x be 2/(-10) - ((-729)/5)/9. Calculate the highest common factor of 32 and x.
16
Let r be (-1)/(-4) - (-15)/4. Suppose -5*q + 149 - 4 = 0. Suppose -2*y + q = -35. Calculate the highest common divisor of y and r.
4
Let f be (3 + 5)/(1 + 1). Calculate the highest common factor of 20 and f.
4
Let y be (-6)/(-4)*(7 - 1). Calculate the highest common divisor of 27 and y.
9
Let s be 3 + 3*(0 - -4). Let c be 10/((-12)/(-9) + -1). Calculate the highest common divisor of s and c.
15
Let g = 12 + -13. Let l be (-4 + -5)*g/1. What is the greatest common factor of l and 18?
9
Let w = 169 - 13. What is the greatest common factor of 13 and w?
13
Let d = -77 - -110. Let a(h) = h**2 - 5*h - 4. Let n be a(6). Suppose -11 - 11 = -n*v. What is the highest common divisor of v and d?
11
Let x(w) = 6*w - 65. Let v be x(15). What is the greatest common factor of 50 and v?
25
Let g(n) = 33*n - 1. Let u(y) = y. Let k(q) = g(q) - 5*u(q). Let m be k(2). Let s = 63 + -41. What is the highest common divisor of m and s?
11
Suppose 4*p = 3*q + 82, -25 = 2*q - 2*p + 31. Let g be (-1)/(-6) + (-2845)/q. Let s = 14 + 5. What is the greatest common factor of s and g?
19
Suppose 2*p + 3 - 1 = 0. Let z be 5 + p*(2 - 1). Suppose -3*o - 14 = -m, z*m + 3*o = 20 + 6. What is the highest common factor of m and 56?
8
Suppose 283 = 2*t + 27. Calculate the highest common factor of 16 and t.
16
Suppose -1 + 13 = -b + 2*c, 5*b + 4*c + 46 = 0. Let a be 8/(-20) - 114/b. Calculate the highest common factor of 33 and a.
11
Let v(n) = -n**2 - 13*n - 9. Let u be v(-9). Calculate the highest common divisor of u and 3.
3
Let v(n) = n + 2. Let l be v(-2). Suppose -u + 13 + 5 = l. Let w be 2/3*u/2. Calculate the greatest common factor of 66 and w.
6
Let k(u) = -u**3 - 12*u**2 - 11*u + 4. Let n be k(-11). Suppose 88 = 10*d + d. What is the highest common divisor of d and n?
4
Suppose -3*m = -6*m + 3. Suppose 8 = -2*k - 5*d - m, -18 = -k + 2*d. What is the greatest common fa